1188166?
6
What is the hundreds digit of 5925235?
2
What is the hundred thousands digit of 13959703?
9
What is the millions digit of 3697181?
3
What is the hundred thousands digit of 1182822?
1
What is the tens digit of 364670?
7
What is the hundreds digit of 1212016?
0
What is the ten thousands digit of 396517?
9
What is the units digit of 18737343?
3
What is the millions digit of 10233210?
0
What is the hundreds digit of 5546650?
6
What is the units digit of 1551553?
3
What is the hundred thousands digit of 942494?
9
What is the hundreds digit of 151591?
5
What is the tens digit of 17565572?
7
What is the hundreds digit of 8010666?
6
What is the hundreds digit of 5456024?
0
What is the thousands digit of 19207093?
7
What is the hundreds digit of 362800?
8
What is the ten thousands digit of 2962433?
6
What is the units digit of 2933362?
2
What is the hundred thousands digit of 1532981?
5
What is the hundred thousands digit of 23972873?
9
What is the hundred thousands digit of 193769?
1
What is the units digit of 6207607?
7
What is the tens digit of 124344?
4
What is the thousands digit of 110208?
0
What is the hundreds digit of 3777641?
6
What is the hundred thousands digit of 4872846?
8
What is the tens digit of 96564?
6
What is the hundreds digit of 15377179?
1
What is the millions digit of 2470294?
2
What is the thousands digit of 821208?
1
What is the hundred thousands digit of 128768?
1
What is the millions digit of 2088317?
2
What is the thousands digit of 2360269?
0
What is the thousands digit of 31377492?
7
What is the ten thousands digit of 2322535?
2
What is the ten millions digit of 28261781?
2
What is the hundreds digit of 27137613?
6
What is the tens digit of 746053?
5
What is the thousands digit of 6348333?
8
What is the units digit of 84659?
9
What is the units digit of 330070?
0
What is the ten thousands digit of 1005039?
0
What is the tens digit of 316851?
5
What is the ten thousands digit of 156139?
5
What is the millions digit of 2220798?
2
What is the hundreds digit of 11717754?
7
What is the millions digit of 3397199?
3
What is the ten thousands digit of 242765?
4
What is the ten thousands digit of 4077077?
7
What is the tens digit of 2336824?
2
What is the units digit of 220578?
8
What is the units digit of 62390?
0
What is the ten thousands digit of 323753?
2
What is the tens digit of 326994?
9
What is the units digit of 17418?
8
What is the tens digit of 198902?
0
What is the tens digit of 576462?
6
What is the ten thousands digit of 7165483?
6
What is the ten thousands digit of 220737?
2
What is the millions digit of 21946986?
1
What is the ten thousands digit of 246841?
4
What is the hundred thousands digit of 262284?
2
What is the ten thousands digit of 398395?
9
What is the hundred thousands digit of 1575233?
5
What is the millions digit of 2728732?
2
What is the millions digit of 18037837?
8
What is the ten thousands digit of 679365?
7
What is the hundreds digit of 341794?
7
What is the thousands digit of 16419881?
9
What is the thousands digit of 5334475?
4
What is the tens digit of 1690532?
3
What is the hundred thousands digit of 5516310?
5
What is the units digit of 69610?
0
What is the ten thousands digit of 955792?
5
What is the ten thousands digit of 3749186?
4
What is the hundred thousands digit of 4780436?
7
What is the units digit of 3457511?
1
What is the tens digit of 814110?
1
What is the units digit of 1877094?
4
What is the hundreds digit of 10751558?
5
What is the ten thousands digit of 118570?
1
What is the hundreds digit of 548054?
0
What is the thousands digit of 361634?
1
What is the hundred thousands digit of 270177?
2
What is the thousands digit of 3954993?
4
What is the ten millions digit of 16834029?
1
What is the hundred thousands digit of 1590437?
5
What is the hundreds digit of 186086?
0
What is the hundreds digit of 59709?
7
What is the units digit of 1044461?
1
What is the units digit of 532?
2
What is the units digit of 5267515?
5
What is the hundred thousands digit of 702089?
7
What is the thousands digit of 5214355?
4
What is the hundreds digit of 145176?
1
What is the units digit of 98977?
7
What is the thousands digit of 394442?
4
What is the ten thousands digit of 276076?
7
What is the units digit of 303557?
7
What is the hundred thousands digit of 931381?
9
What is the tens digit of 16207898?
9
What is the tens digit of 811869?
6
What is the units digit of 10805168?
8
What is the hundreds digit of 2523432?
4
What is the ten thousands digit of 18397371?
9
What is the thousands digit of 479178?
9
What is the ten thousands digit of 490998?
9
What is the hundred thousands digit of 7238060?
2
What is the millions digit of 7556564?
7
What is the units digit of 280967?
7
What is the hundreds digit of 152252?
2
What is the ten thousands digit of 2106688?
0
What is the units digit of 172655?
5
What is the hundreds digit of 4953061?
0
What is the ten thousands digit of 7331963?
3
What is the units digit of 354336?
6
What is the millions digit of 5779289?
5
What is the ten millions digit of 16913508?
1
What is the units digit of 347234?
4
What is the ten millions digit of 12523021?
1
What is the tens digit of 50755?
5
What is the hundred thousands digit of 391754?
3
What is the units digit of 35045?
5
What is the hundreds digit of 31882?
8
What is the tens digit of 433282?
8
What is the millions digit of 1014056?
1
What is the thousands digit of 24081367?
1
What is the ten thousands digit of 6998369?
9
What is the tens digit of 5704040?
4
What is the hundred thousands digit of 3862751?
8
What is the hundreds digit of 922880?
8
What is the thousands digit of 157766?
7
What is the hundred thousands digit of 3707226?
7
What is the units digit of 10573696?
6
What is the units digit of 2927534?
4
What is the hundreds digit of 2650309?
3
What is the tens digit of 11213584?
8
What is the thousands digit of 70155?
0
What is the ten thousands digit of 229153?
2
What is the units digit of 9477125?
5
What is the tens digit of 198535?
3
What is the ten thousands digit of 297295?
9
What is the hundred thousands digit of 5318374?
3
What is the thousands digit of 200287?
0
What is the tens digit of 12947326?
2
What is the millions digit of 1710208?
1
What is the units digit of 546394?
4
What is the tens digit of 469048?
4
What is the millions digit of 12138362?
2
What is the ten thousands digit of 2144869?
4
What is the ten thousands digit of 91833?
9
What is the ten thousands digit of 1300265?
0
What is the thousands digit of 2123439?
3
What is the thousands digit of 54587?
4
What is the hundreds digit of 19444152?
1
What is the hundreds digit of 833142?
1
What is the tens digit of 359842?
4
What is the tens digit of 847116?
1
What is the ten millions digit of 17584500?
1
What is the thousands digit of 3265604?
5
What is the thousands digit of 4691134?
1
What is the thousands digit of 6210371?
0
What is the tens digit of 763720?
2
What is the hundred thousands digit of 995580?
9
What is the thousands digit of 113808?
3
What is the hundreds digit of 3348256?
2
What is the tens digit of 8192543?
4
What is the tens digit of 466484?
8
What is the millions digit of 1421505?
1
What is the ten thousands digit of 446504?
4
What is the hundreds digit of 17619128?
1
What is the hundreds digit of 196629?
6
What is the units digit of 11982449?
9
What is the hundred thousands digit of 273017?
2
What is the thousands digit of 165415?
5
What is the hundreds digit of 2816138?
1
What is the hundreds digit of 784502?
5
What is the hundred thousands digit of 5378713?
3
What is the millions digit of 2589687?
2
What is the units digit of 6526864?
4
What is the ten thousands digit of 165991?
6
What is the hundred thousands digit of 404767?
4
What is the ten millions digit of 36688105?
3
What is the units digit of 13523?
3
What is the hundreds digit of 407409?
4
What is the ten thousands digit of 44307?
4
What is the tens digit of 523191?
9
What is the ten thousands digit of 35573052?
7
What is the millions digit of 3593096?
3
What is the tens digit of 1500351?
5
What is the units digit of 5755886?
6
What is the millions digit of 8376626?
8
What is the ten thousands digit of 20773729?
7
What is the tens digit of 811981?
